?
6
Let s(l) = 10*l - 2*l + 4 + 5 + 0*l + l**2. What is the units digit of s(-7)?
2
Let q be (9/6)/3*2. What is the units digit of 0 + 3 + 7 + q?
1
Let l = 26 - 11. What is the tens digit of l?
1
Let q be 120/(-16)*252/(-10). Suppose 0 = -5*n + 2*b - 3*b + q, 0 = 3*n + 3*b - 111. What is the units digit of n?
8
Suppose 0 = -c, 3*n - 180 = -2*n - 3*c. What is the tens digit of n?
3
Let a = -15 + 21. Let b = -2 - -6. Suppose -a + 34 = b*z. What is the units digit of z?
7
Let c(y) = -y**3 + 4*y**2 + y - 4. Let k be c(4). Suppose w - 2 - 1 = k. Suppose -w*i + 9 = -36. What is the tens digit of i?
1
Let b(s) = -s**2 + 10*s + 6. Let y be b(8). Suppose -6*c + 4*c = -2*u - y, -49 = -5*c + 2*u. What is the units digit of c?
9
Suppose -p = -0*p - 26. Let r(l) = l - 18. Let k be r(7). Let j = k + p. What is the units digit of j?
5
Suppose -2*x = -3*y + y + 8, 3*y - 4*x - 10 = 0. Let k be 2*9/6 + 1. Suppose k*v + y - 40 = -2*h, v = -h + 12. What is the units digit of h?
7
What is the tens digit of (-1)/(819/(-204) - -4)?
6
Suppose -p + 23 = -0*p. Let q = 58 - p. Suppose -z + 2*r + 25 = -r, -3*r = 5*z - q. What is the units digit of z?
0
Let d(u) = -51*u - 15. What is the tens digit of d(-3)?
3
Let k(r) be the third derivative of 0*r - 2*r**2 - 1/24*r**4 + 0 + 7/3*r**3. What is the units digit of k(9)?
5
Let i = 52 - 29. What is the tens digit of i?
2
Suppose 3*n - 10 + 1 = 0. Suppose -11 + 1 = -2*w - 5*m, 0 = w - n*m - 27. What is the tens digit of w?
1
Suppose 3*m - 8 = -20. What is the units digit of 34 + 1/(2/m)?
2
What is the units digit of 191/9 - 16/72?
1
Let n be 54/(-4) - (-3)/(-6). Suppose -5*x - 2*k + k = 48, -3*x + 3*k - 18 = 0. Let a = x - n. What is the units digit of a?
5
What is the units digit of 196*((-9)/(-2) + -1 + -3)?
8
Let x(i) = -12*i - 19. What is the units digit of x(-5)?
1
Suppose 3*x = 31 + 101. Suppose 4*f + 2*z = x, 9 + 8 = f + 2*z. Let u = f + 0. What is the units digit of u?
9
Let p = -5 - -8. Suppose p*o = 16 + 20. What is the tens digit of o?
1
Suppose 3*n - 3 + 12 = 5*x, -2*x - n + 8 = 0. Suppose -x*w + 5 = -2*d, -2*w + 5*w - 3 = 0. What is the units digit of (30/(-3))/d - 3?
7
Let a(o) = -80*o + 31. What is the tens digit of a(-3)?
7
Let r(q) = -q + 2. Let g be r(8). Let j = g + 11. What is the units digit of j?
5
Suppose -2*q + 12 = 3*x - 5*x, -5*q = -4*x - 29. Suppose a - 11 = -q. What is the units digit of a?
6
Let a(o) = o**2 - o + 2. Let c be a(2). What is the units digit of (c + -7)/((-6)/10)?
5
Suppose -10 = -3*v - l, -l + 7 - 22 = -2*v. Suppose -5*y - j + 4 = -11, v*y - 3*j = -5. What is the units digit of (-2)/y*(-10 - -1)?
9
Suppose -5*t = -189 - 201. What is the tens digit of t?
7
Let b(c) = 2*c - 6. Let g be b(6). What is the tens digit of 3 - 27/(g/(-2))?
1
Suppose 18 + 12 = d. Suppose -v = -5*s + 15 + 3, 5*s - 5*v = d. Suppose -s + 0 = -x. What is the units digit of x?
3
Let o = -1 + 1. Suppose o = 4*x - 5*x + 2. Suppose -x*r = 3*r - 65. What is the units digit of r?
3
Suppose 5*p - 198 = 4*z, -2*p + 2*z - 26 + 106 = 0. What is the units digit of p?
8
Suppose 0 = 5*x + 10, 0*l - l - 2*x = 12. What is the units digit of -1*3 - (3 + l)?
2
Let w be 49 + (-3)/(9/(-3)). Suppose -5*o + w = -0*o. Suppose 4 = 2*n - o. What is the units digit of n?
7
Let k be ((2 - 1)*0)/2. Suppose -3*l + l = -4. Suppose k = j - 5*d - 18, -5*j + 3*j + 20 = -l*d. What is the units digit of j?
8
Suppose 2 = 2*w - 4. Suppose -2*s - 20 = -f, 0 = 3*f + s - w*s - 44. What is the tens digit of f?
1
Let n(o) = -o**3 - 9*o**2 - 8*o + 5. Let w be n(-7). Let z = w - -61. What is the tens digit of z?
2
Suppose -5 + 13 = f. What is the units digit of f?
8
Suppose 8*i - 3*i = 25. What is the tens digit of ((-4)/i)/((-4)/50)?
1
Suppose 0 = v + 5 + 3. Let s = 17 + v. What is the units digit of s?
9
Suppose -9*n + 7*n + 378 = 0. What is the units digit of n?
9
Suppose x + 2*a - 40 = 0, -3*x - 7*a + 2*a + 120 = 0. What is the units digit of x?
0
Suppose 5*y + 12 = 52. Suppose -d - y = -9. What is the units digit of d?
1
Suppose -50 = -a - s - 13, 4*a + 5*s - 151 = 0. What is the units digit of a?
4
Suppose 6 = -4*j + 2. Suppose 5*n - 13 - 12 = 2*q, 0 = -q. Let w = n + j. What is the units digit of w?
4
Suppose -3*s + 5*v = -4*s - 681, -3*s + 4*v = 1948. What is the units digit of 2/(-5) + s/(-40)?
6
Let c(b) = -5*b - 4. Let u(i) = -i + 5. Let t be u(8). Let r be c(t). Suppose 2*m = m + r. What is the tens digit of m?
1
Let b be (33/9)/(2/6). Let p = b - 7. Suppose t = 3*v - 14, v + 2*t + 3 + p = 0. What is the units digit of v?
3
Suppose -3*g = -5*g + 32. What is the tens digit of g?
1
Suppose -5*x - 3*b - 2*b + 270 = 0, -66 = -x - 4*b. What is the units digit of x?
0
Let y(t) be the second derivative of t**5/20 + t**4/6 - t**3/3 + t**2 - 5*t. What is the tens digit of y(2)?
1
Let q(p) = 2*p + 1. Let u be q(-7). Let k(v) be the first derivative of -v**4/4 - 13*v**3/3 - v**2/2 - 5*v + 1. What is the units digit of k(u)?
8
Let p(t) = t**3 + 7*t**2 + 6*t + 6. Let x be (-68)/20 + (-3)/5. What is the units digit of p(x)?
0
Let i be 3/(-2) + (-27)/(-18). Suppose -2*a - a + 84 = i. What is the units digit of a?
8
Let r(i) = -i - 1. Let a(l) be the first derivative of l**3/3 + l**2/2 + 7*l - 1. Let u(q) = a(q) + 4*r(q). What is the units digit of u(2)?
1
Suppose i = 2*z + 6, 0*z + 5*z = -5. Suppose 5 = k, i*f - 2*k = k + 17. What is the units digit of f?
8
Let a(z) = z**3 + 7*z**2 + z + 10. Let o be a(-7). Suppose 27 = -o*c + 105. What is the tens digit of c?
2
Suppose 3*z + 1 + 2 = 0. What is the units digit of (z/6)/(3/(-18))?
1
Suppose 4*d - d - 334 = -j, 0 = 3*d + 2*j - 332. What is the units digit of d?
2
Suppose 3*b + 3*n = 5*b - 84, n + 112 = 3*b. What is the tens digit of b?
3
Suppose -2*v + 454 = 4*k, -4*v = -5*v - 3. What is the tens digit of k?
1
Let l(c) = 12*c**3 + c**2 + c - 5. Let x(h) = -37*h**3 - 3*h**2 - 3*h + 14. Let i(k) = 17*l(k) + 6*x(k). What is the tens digit of i(-1)?
1
Let h(t) = t**3 - 3*t**2 + 3*t - 4. Let v be h(3). Suppose 4*g - z - 12 = 3*z, -2*g + v*z = -6. Suppose f - 3 - g = 0. What is the units digit of f?
6
Suppose -26 = -4*m - 4*i + 2*i, 4*m = i + 17. Let b = m + -4. What is the units digit of 2/(2 - b) + 7?
9
Let p = 1 + -15. Let z be p/(-2) - (2 + 0). Suppose z*i - 4 = 1. What is the units digit of i?
1
Suppose 2*o = -3*n + 5, -n + 6 = -4*o - 5. What is the units digit of (o*8)/(-5 + 3)?
8
Let q(i) = -30*i + 34*i + 6 - 2*i**2 + 3*i**2. What is the units digit of q(-6)?
8
Let i(d) = d**3 + 2*d - 3. Let m(g) = g**2 - g - 3. Let r(s) = s**3 + s**2 - 1. Let x(z) = -m(z) + r(z). Let p be x(0). What is the units digit of i(p)?
9
Let q be (-3 + 2)/((-5)/235). Let s = -33 + q. What is the units digit of s?
4
Suppose -7*k = 6*k - 936. What is the tens digit of k?
7
Let b = 32 - 1. Let t = 16 + b. What is the units digit of t?
7
Suppose -2*t + 7*t - 30 = 5*x, -10 = 5*x. Suppose 7 = 5*q - 13, -3*q - t = -2*s. What is the units digit of s?
8
Let b be ((-3)/(-2) - 0)*6. Suppose 2*p + 3*o + 46 = 0, -3*o = p - 5*o + b. Let k = 26 + p. What is the units digit of k?
9
Let s be ((-36)/(-21))/((-2)/(-7)). What is the tens digit of (-10)/15*(-153)/s?
1
Suppose -c + 1350 = 5*i, -5*c + 8 + 17 = 0. What is the units digit of i?
9
Suppose -5*u + 114 = -2*i, i - 2 = -u + 18. What is the units digit of u?
2
Suppose 4*b - 5*t - 451 = 0, -3*b - 2*t + 171 = -196. What is the units digit of b?
9
What is the tens digit of (-4 + 70)/((-6)/(-4))?
4
Let m(y) = -32*y - 34. What is the units digit of m(-8)?
2
Suppose 0 = 5*p - 10. Let a(g) = -g**3 + 4*g**2 - 3*g. Let l be a(p). What is the units digit of (7/l)/(2/4)?
7
Suppose 0 = -5*o + 5*v + 20, 4*v + 12 = 4*o + 2*v. Suppose -o*p = p. Suppose p = 3*l - 5*l + 2. What is the units digit of l?
1
Let h(o) = 22*o**2 - 4*o + 2. What is the hundreds digit of h(3)?
1
Let p = -27 - -64. What is the tens digit of p?
3
Let o(j) = j**2 - 8*j + 5. Let c = 13 - 5. Let d be o(c). Suppose -9 = -d*u + 31. What is the units digit of u?
8
Suppose 5*v = v + 24. What is the tens digit of (4 - v)*(-46)/4?
2
Let i(k) = k + 5. Let q be i(-6). Let m = 3 + q. What is the units digit of m?
2
Suppose 4*n - 1198 = -26. What is the hundreds digit of n?
2
Let p = -9 + 18. Suppose -2*b + 9 + p = 5*o, 4*b + 24 = 5*o. What is the u